{"id":4,"date":"2017-02-16T11:20:40","date_gmt":"2017-02-16T11:20:40","guid":{"rendered":"http:\/\/www.electroteam.fi\/?page_id=4"},"modified":"2021-12-01T07:58:49","modified_gmt":"2021-12-01T07:58:49","slug":"startsida","status":"publish","type":"page","link":"https:\/\/www.electroteam.fi\/","title":{"rendered":"Startsida \/ Etusivu"},"content":{"rendered":"<p><strong>Oy Electroteam N\u00e4rpes Ab<\/strong> planerar och utf\u00f6r alla el- och datan\u00e4tverksinstallationer till konkurrenskraftiga priser. V\u00e5r specialitet \u00e4r v\u00e4xthusbelysningar. Vi utf\u00f6r akuta reparationer och service med v\u00e5r p\u00e5litliga personal. V\u00e5rt m\u00e5l \u00e4r att betj\u00e4na kunden s\u00e5 snabbt som m\u00f6jligt<\/p>\n<p>F\u00f6retaget drivs av Jonas Krook och Bengt-Erik \u00d6sterberg. Principen f\u00f6r verksamheten \u00e4r att kunna ge kunden goda helhetsl\u00f6sningar med fortsatt p\u00e5litlig service.<br \/>\nKontakta oss och fr\u00e5ga mera!<\/p>\n<p>V\u00e5ra \u00f6ppettider \u00e4r kl. 7.30\u201316.00. Vi har \u00e4ven service dygnet runt.<\/p>\n<p>&#8212;&#8212;&#8212;&#8212;&#8212;-<\/p>\n<p><strong>Electro Oy Team N\u00e4rpi\u00f6n Oy<\/strong> suunnittelevat ja toteuttavat kaikki s\u00e4hk\u00f6-ja tietoverkko laitteiden kilpailukykyiseen hintaan.Olemme erikoistuneet kasvihuoneiden valaistukseen. Luotettava henkil\u00f6st\u00f6 suorittaa pikakorjauksia hyv\u00e4ll\u00e4 ja nopella palveluksella. Tavoittemme on palvella asiakkaitamme mahdollisimman nopeasti.<\/p>\n<div id=\"maincolumn\">\n<div class=\"blog\">\n<div class=\"items-leading\">\n<div class=\"leading-0\">\n<p>Yrityksen omistajat ovat Jonas Krook ja Bengt-Erik \u00d6sterberg ja he vastaavat yrityksen toiminnasta. Toimintaperiaatteemme on antaa asiakkaille hyvi\u00e4, luotettavia ja jatkuvia ratkaisuja. Ota yhteytt\u00e4 ja kysy lis\u00e4\u00e4!<\/p>\n<p>Aukioloajamme ovat 7.30-16.00 mutta p\u00e4ivyst\u00e4mme ymp\u00e4ri vuorokauden.<\/p>\n<div class=\"item-separator\"><\/div>\n<div class=\"item-separator\"><\/div>\n<\/div>\n<\/div>\n<\/div>\n<\/div>\n<div id=\"rightcolumn\"><\/div>\n","protected":false},"excerpt":{"rendered":"<p>Oy Electroteam N\u00e4rpes Ab planerar och utf\u00f6r alla el- och datan\u00e4tverksinstallationer till konkurrenskraftiga priser. V\u00e5r specialitet \u00e4r v\u00e4xthusbelysningar. Vi utf\u00f6r akuta reparationer och service med v\u00e5r p\u00e5litliga personal. V\u00e5rt m\u00e5l \u00e4r att betj\u00e4na kunden s\u00e5 snabbt som m\u00f6jligt F\u00f6retaget drivs av Jonas Krook och Bengt-Erik \u00d6sterberg. Principen f\u00f6r verksamheten \u00e4r att kunna ge kunden goda &hellip; <a href=\"https:\/\/www.electroteam.fi\/\" class=\"more-link\">Continue reading<span class=\"screen-reader-text\"> &#8220;Startsida \/ Etusivu&#8221;<\/span><\/a><\/p>\n","protected":false},"author":2,"featured_media":0,"parent":0,"menu_order":0,"comment_status":"closed","ping_status":"closed","template":"","meta":{"footnotes":""},"class_list":["post-4","page","type-page","status-publish","hentry"],"_links":{"self":[{"href":"https:\/\/www.electroteam.fi\/index.php?rest_route=\/wp\/v2\/pages\/4","targetHints":{"allow":["GET"]}}],"collection":[{"href":"https:\/\/www.electroteam.fi\/index.php?rest_route=\/wp\/v2\/pages"}],"about":[{"href":"https:\/\/www.electroteam.fi\/index.php?rest_route=\/wp\/v2\/types\/page"}],"author":[{"embeddable":true,"href":"https:\/\/www.electroteam.fi\/index.php?rest_route=\/wp\/v2\/users\/2"}],"replies":[{"embeddable":true,"href":"https:\/\/www.electroteam.fi\/index.php?rest_route=%2Fwp%2Fv2%2Fcomments&post=4"}],"version-history":[{"count":6,"href":"https:\/\/www.electroteam.fi\/index.php?rest_route=\/wp\/v2\/pages\/4\/revisions"}],"predecessor-version":[{"id":26,"href":"https:\/\/www.electroteam.fi\/index.php?rest_route=\/wp\/v2\/pages\/4\/revisions\/26"}],"wp:attachment":[{"href":"https:\/\/www.electroteam.fi\/index.php?rest_route=%2Fwp%2Fv2%2Fmedia&parent=4"}],"curies":[{"name":"wp","href":"https:\/\/api.w.org\/{rel}","templated":true}]}}